{"id":10,"date":"2009-01-06T22:04:28","date_gmt":"2009-01-06T21:04:28","guid":{"rendered":"http:\/\/d7356.n32.hosting.scout.ch\/wordpress\/?page_id=10"},"modified":"2024-03-22T09:27:39","modified_gmt":"2024-03-22T08:27:39","slug":"die-abteilung","status":"publish","type":"page","link":"https:\/\/www.pfadilandshut.ch\/wordpress\/?page_id=10","title":{"rendered":"Unsere Pfadi-Abteilung"},"content":{"rendered":"<p style=\"text-align: left;\"><strong>Geschichte der Abteilu<a href=\"http:\/\/www.pfadilandshut.ch\/wordpress\/wp-content\/uploads\/2017\/05\/logolandshut.jpg\" rel=\"lightbox[10]\"><img loading=\"lazy\" decoding=\"async\" class=\" wp-image-928 alignright\" src=\"http:\/\/www.pfadilandshut.ch\/wordpress\/wp-content\/uploads\/2017\/05\/logolandshut.jpg\" alt=\"\" width=\"353\" height=\"307\" srcset=\"https:\/\/www.pfadilandshut.ch\/wordpress\/wp-content\/uploads\/2017\/05\/logolandshut.jpg 600w, https:\/\/www.pfadilandshut.ch\/wordpress\/wp-content\/uploads\/2017\/05\/logolandshut-300x261.jpg 300w\" sizes=\"(max-width: 353px) 100vw, 353px\" \/><\/a>ng<\/strong><\/p>\n<p>Die Pfadi Landshut wurde am 21.03.1967 gegr\u00fcndet. Die Abteilung war schon damals konfessionell neutral und ist es auch heute noch. 1968 wurde die Abteilung in die Pfadi Kanton Bern aufgenommen. Zur gleichen Zeit wurde mit dem Bau des alten Heimes (eines ehemaligen Armbrustsch\u00fctzenhauses) begonnen. In den folgenden 10 Jahren wuchs die Abteilung auf 100 Mitglieder an, so dass das alte Heim zu klein wurde.<\/p>\n<p>Seit 1978 ist die Pfadi Landshut als Verein organisiert. 1981 wurde ein neues, gr\u00f6sseres Heim unterhalb der Saalanlage (SAB) in B\u00e4tterkinden gebaut und im Herbst eingeweiht.<\/p>\n<p>Seit 1986 machen Jungen und M\u00e4dchen in gemischten Gruppen in unserer Abteilung mit. Wir machen mit dem gemischten Betrieb sehr gute Erfahrungen.<\/p>\n<p><strong>Unser Pfadiheim<\/strong><\/p>\n<p>Das Pfadiheim (Heim Infos) an der Emme und ein Teil der Umgebung ist Besitz der Pfadiabteilung Landshut und dient in erster Linie als Treffpunkt und Standort der meisten unserer Pfadi-Aktivit\u00e4ten. Das Heim wird jedoch auch f\u00fcr Kurse, Lager und private Anl\u00e4sse vermietet \u2013 ein sehr wichtiger Beitrag an die Kasse der Abteilung.<\/p>\n<p><strong>Wann treffen wir uns<\/strong><\/p>\n<p>Wir treffen uns fast jeden Samstag um 13.30 Uhr beim Pfadiheim. Die Aktivit\u00e4ten dauern bei den W\u00f6lfen und den Pf\u00e4dis meistens bis 16.30 Uhr. Selbstverst\u00e4ndlich ist es bei wichtigen Gr\u00fcnden auch m\u00f6glich, zu fehlen. Sich bei den zust\u00e4ndigen Leiter:innen abzumelden versteht sich von selbst. Dadurch k\u00f6nnen die Leiter:innen exakt planen und eine gute Aktivit\u00e4t vorbereiten.<\/p>\n<p><strong>Pfadihemden<\/strong><\/p>\n<p>Wir tragen w\u00e4hrend den Aktivit\u00e4ten ein Pfadihemli, um zu zeigen, dass wir der gleichen Bewegung angeh\u00f6ren. Zum Pfadihemd geh\u00f6rt die Pfadikrawatte (gr\u00fcn mit weissem Rand) und das rote Pfadi Landshut-T-Shirt. Wer will, kann sich auch den Pfadihut aufsetzen. Pfadihemli, T-Shirts und andere Pfadi-Accessoires k\u00f6nnen an der Kleiderb\u00f6rse, jeweils am Abteilungstag und an der Waldweihnacht, gekauft werden.<\/p>\n<p><strong>Das Pfadijahr mit seinen H\u00f6hepunkten<\/strong><\/p>\n<p>Das Pfadijahr hat f\u00fcr alle Stufen gemeinsame und getrennte H\u00f6hepunkte. Im Fr\u00fchling findet der Abteilungstag mit den einzelnen \u00dcbertritten statt. Dabei treten die \u00e4ltesten Biber zu den W\u00f6lfen, die \u00e4ltesten W\u00f6lfe zu den Pf\u00e4dis und die \u00e4ltesten Pf\u00e4dis zu den Raiders \u00fcber. Zudem werden die \u00e4ltesten Raiders zu neuen Leitpersonen. Der Abteilungstag ist f\u00fcr alle \u00dcbertretenden ein ganz besonderes Ereignis und immer eine bleibende Erinnerung.<\/p>\n<p>Das erste Lagererlebnis ist das dreit\u00e4gige Pfingstlager (PFILA). Hier haben Pfadineulinge Gelegenheit, das allererste Mal die besondere Atmosph\u00e4re des Lagers zu erleben. Das Pfingstlager findet meistens in der n\u00e4heren Umgebung statt und ist f\u00fcr die J\u00fcngeren ein guter Einstieg ins Lagerleben.<\/p>\n<p>Etwas l\u00e4nger dauert das Sommerlager (SOLA). W\u00e4hrend 7 bis 14 Tagen leben wir mit einem besonderen Thema, z.B. als Ritter, Cowboys, Stars etc. in einer eigenen Welt. Diese Lager finden in der ganzen Schweiz, selten auch mal im Ausland, statt. Die W\u00f6lfe, sowie die Pf\u00e4dis \u00fcbernachten in diesem Lager in Zelten. Nat\u00fcrlich ist auch f\u00fcr die n\u00f6tige Infrastruktur (K\u00fcche, Waschgelegenheit, Dusche, WC bzw. Plumpsklo, Arzt usw.) gesorgt. Gerade die Lager sind f\u00fcr uns alle ganz besondere Erlebnisse und f\u00f6rdern den Zusammenhalt der Gemeinschaft.<\/p>\n<p>Im Herbstquartal haben dann alle die Gelegenheit, viele Pfadikollegen aus unserem Pfadi Bezirk Untere Emme\/Oberaargau (UEOA) am Bezirkstag kennenzulernen bzw. wiederzutreffen. Dieser wird in jedem Jahr von einer anderen Pfadiabteilung organisiert. Zu einem Thema treffen wir uns und geniessen das Wochenende gemeinsam mit Spiel und Spass.<\/p>\n<p>F\u00fcr die W\u00f6lfe gibt es im Herbst das Technik-Weekend. An diesem werden Ausfl\u00fcge gemacht und das Wissen \u00fcber die Pfaditechnik (z.B. Seiltechnik, erste Hilfe) aufgefrischt. Sie \u00fcbernachten in unserem Pfadiheim und erleben w\u00e4hrend des Wochenendes einige Abenteuer.<\/p>\n<p>Auch f\u00fcr die Pfadis gibt es im Herbst ein Wochenende. W\u00e4hrend des Exerweekends wird der Fokus auf die Pfaditechnik und die Gruppendynamik gelegt. Auch sie \u00fcbernachten im Pfadiheim und geniessen die gemeinsame Zeit.<\/p>\n<p>Den Abschluss des Pfadijahres zeichnet die Waldweihnacht. Zu dieser sind dann auch die Eltern und Bekannten herzlich eingeladen.<\/p>\n<p><strong>Ausbildung<\/strong><\/p>\n<p>Um den Kindern gerecht zu werden und ihnen abwechslungsreiche und wertvolle Pfadi-Anl\u00e4sse bieten zu k\u00f6nnen, besuchen alle Leiter:innen (vom Leitpfadi bis zur Abteilungsleitung) ihren Alter und ihrer Aufgabe entsprechende Kurse auf der Ebene des Bezirks oder des Kantons. Diese Aus- und Weiterbildung ist f\u00fcr uns sehr wichtig.<\/p>\n<p>Ab 13 Jahren kann der Leitpfadikurs besucht werden. Dies ist der erste Ausbildungskurs. Hier werden die Aufgaben und die Rolle des Leitpfadis angeschaut und kleine Programmpunkte geplant und mit gleichaltrigen durchgef\u00fchrt. Zudem wird Pfaditechnik erfahren und ganz praktisch angewendet.<\/p>\n<p>Im Piokurs kann man ab 14 Jahren teilnehmen. Dort liegt der Fokus auf der Piostufe (bei uns Raiders genannt), wie sie funktioniert, was alles m\u00f6glich ist und so weiter. Kleinere Piostufenunternehmungen werden geplant und mit gleichaltrigen durchgef\u00fchrt.<\/p>\n<p>Der Futurakurs kann man ab dem Alter von 16 Jahren besuchen. Hier k\u00f6nnen erste Einblicke ins Leiten gewonnen werden. Zudem hat man die M\u00f6glichkeit sich weiteres Wissen \u00fcber Pfaditechnik anzueignen.<\/p>\n<p>Ab 17 Jahren kann der Basiskurs besucht werden. In diesem Alter hat man die Leiter:innen T\u00e4tigkeit bereits aufgenommen und ist ein Teil des W\u00f6lfli- oder Pf\u00e4dileitungsteams. In diesem Kurs lernt man Jugend und Sport (J+S) kennen und lernt, welche Rahmenbedingungen wichtig sind um ein gutes Programm planen zu k\u00f6nnen. Auch der Austausch mit anderen Leitpersonen und spannende Pfadierlebnisse kommen in diesem Kurs nicht zu kurz!<\/p>\n<p>Den Aufbaukurs kann man ab 18 Jahren besuchen. In diesem wird unter anderem thematisiert, wie Lager geplant werden k\u00f6nnen und eine Stufe geleitet werden kann. Auch dieser Kurs ist voller neuer Erfahrungen mit anderem Menschen und einzigartigen Erlebnissen.<\/p>\n<p>Nach dem Aufbaukurs sind die Grundkurse abgeschlossen. Danach gibt es noch viele M\u00f6glichkeiten sich weiterzubilden, beispielsweise in den Sicherheitsbereichen Berg, Winter oder Wasser.<\/p>\n<p><strong>Auris<\/strong><\/p>\n<p>Zweimal pro Jahr erscheint unsere Pfadizeitung Auris mit aktuellen Bildern, Berichten und Informationen \u00fcber unseren Betrieb und unsere Erlebnisse.<\/p>\n<p><strong>Finanzielles<\/strong><\/p>\n<p>Um unseren samst\u00e4glichen Betrieb, die Versicherungen, Verbandsabgaben usw. zu finanzieren, steht uns der j\u00e4hrliche Mitgliederbeitrag zur Verf\u00fcgung.<\/p>\n<p>Lager (PFILA, SOLA) werden von den Teilnehmern separat bezahlt. Dank den J+S-Ausbildungen k\u00f6nnen Zelte und anderes Lagermaterial beschafft und unterhalten werden.<\/p>\n<p>Es ist unser Ziel, dass niemand wegen finanziellen Schwierigkeiten ein Lager nicht miterleben kann. Falls dies eine Schwierigkeit darstellen sollte meldet euch bei der zust\u00e4ndigen Lagerleitung. Eine L\u00f6sung kann immer gefunden werden.<\/p>\n<p><strong>Versicherungen<\/strong><\/p>\n<p>W\u00e4hrend allen Pfadianl\u00e4ssen sind alle Mitglieder unter der Pfadi-Unfallversicherung versichert. Diese \u00fcbernimmt Kosten, die w\u00e4hrend eines Unfalls entstehen.<\/p>\n<p>Die Pfadi-Haftpflichtversicherung bezahlt Sch\u00e4den, die Mitglieder unserer Abteilung gegen\u00fcber Drittpersonen verursachen. Sie gilt aber nicht f\u00fcr unsere Mitglieder untereinander.<\/p>\n<p>In unseren Lagern, die unter J+S laufen, sind alle Mitglieder Rega-Versichert.<\/p>\n<p><strong>Eintritt und Austritt<\/strong><\/p>\n<p>Ein Eintritt in die Pfadi ist jederzeit m\u00f6glich. Dazu dient unser Eintrittsformular, welches gerne bei einer Leitperson eingefordert werden darf.<\/p>\n<p>Ein Austritt aus der Abteilung ist ebenfalls jederzeit m\u00f6glich, wobei die Leiter:innen gerne direkt und fr\u00fch genug dar\u00fcber informiert werden. Wir wissen zudem aus Erfahrung, dass viele Kinder besonders im Alter der Pf\u00e4dis Phasen durchmachen, in welchen sie weniger gerne in die Pfadi kommen oder eine l\u00e4ngere Pause in der Pfadi einlegen und sp\u00e4ter dennoch zu begeisterten, aktiven Leiter:innen werden. Ein Austritt soll also gut \u00fcberlegt sein, evt. auch mit den Leiter:innen diskutiert und ein sp\u00e4terer Wiedereintritt nicht ausgeschlossen werden. Zum definitiven Austritt wird ein Austrittsschreiben mit Angabe des Austrittsgrundes an unsere Abteilungsleitung geschickt. Wir empfehlen die Verwendung unseres Austrittsformulars, das bei uns bezogen werden kann. Wir sind froh, wenn wir \u00fcber die genauen Austrittsgr\u00fcnde informiert werden, um unsererseits allf\u00e4llige Verbesserungen im Pfadibetrieb vornehmen zu k\u00f6nnen.<\/p>\n","protected":false},"excerpt":{"rendered":"<p>Geschichte der Abteilung Die Pfadi Landshut wurde am 21.03.1967 gegr\u00fcndet. Die Abteilung war schon damals konfessionell neutral und ist es auch heute noch. 1968 wurde die Abteilung in die Pfadi Kanton Bern aufgenommen. Zur gleichen Zeit wurde mit dem Bau des alten Heimes (eines ehemaligen Armbrustsch\u00fctzenhauses) begonnen. In den folgenden 10 Jahren wuchs die Abteilung [&hellip;]<\/p>\n","protected":false},"author":1,"featured_media":0,"parent":2,"menu_order":0,"comment_status":"closed","ping_status":"closed","template":"","meta":{"footnotes":""},"yoast_head":"<!-- This site is optimized with the Yoast SEO plugin v22.2 - https:\/\/yoast.com\/wordpress\/plugins\/seo\/ -->\n<title>Unsere Pfadi-Abteilung - Pfadilandshut.ch<\/title>\n<meta name=\"robots\" content=\"index, follow, max-snippet:-1, max-image-preview:large, max-video-preview:-1\" \/>\n<link rel=\"canonical\" href=\"https:\/\/www.pfadilandshut.ch\/wordpress\/?page_id=10\" \/>\n<meta property=\"og:locale\" content=\"de_DE\" \/>\n<meta property=\"og:type\" content=\"article\" \/>\n<meta property=\"og:title\" content=\"Unsere Pfadi-Abteilung - Pfadilandshut.ch\" \/>\n<meta property=\"og:description\" content=\"Geschichte der Abteilung Die Pfadi Landshut wurde am 21.03.1967 gegr\u00fcndet. Die Abteilung war schon damals konfessionell neutral und ist es auch heute noch. 1968 wurde die Abteilung in die Pfadi Kanton Bern aufgenommen. Zur gleichen Zeit wurde mit dem Bau des alten Heimes (eines ehemaligen Armbrustsch\u00fctzenhauses) begonnen. In den folgenden 10 Jahren wuchs die Abteilung [&hellip;]\" \/>\n<meta property=\"og:url\" content=\"https:\/\/www.pfadilandshut.ch\/wordpress\/?page_id=10\" \/>\n<meta property=\"og:site_name\" content=\"Pfadilandshut.ch\" \/>\n<meta property=\"article:modified_time\" content=\"2024-03-22T08:27:39+00:00\" \/>\n<meta property=\"og:image\" content=\"http:\/\/www.pfadilandshut.ch\/wordpress\/wp-content\/uploads\/2017\/05\/logolandshut.jpg\" \/>\n<meta name=\"twitter:card\" content=\"summary_large_image\" \/>\n<meta name=\"twitter:label1\" content=\"Gesch\u00e4tzte Lesezeit\" \/>\n\t<meta name=\"twitter:data1\" content=\"7\u00a0Minuten\" \/>\n<script type=\"application\/ld+json\" class=\"yoast-schema-graph\">{\"@context\":\"https:\/\/schema.org\",\"@graph\":[{\"@type\":\"WebPage\",\"@id\":\"https:\/\/www.pfadilandshut.ch\/wordpress\/?page_id=10\",\"url\":\"https:\/\/www.pfadilandshut.ch\/wordpress\/?page_id=10\",\"name\":\"Unsere Pfadi-Abteilung - Pfadilandshut.ch\",\"isPartOf\":{\"@id\":\"https:\/\/www.pfadilandshut.ch\/wordpress\/#website\"},\"primaryImageOfPage\":{\"@id\":\"https:\/\/www.pfadilandshut.ch\/wordpress\/?page_id=10#primaryimage\"},\"image\":{\"@id\":\"https:\/\/www.pfadilandshut.ch\/wordpress\/?page_id=10#primaryimage\"},\"thumbnailUrl\":\"http:\/\/www.pfadilandshut.ch\/wordpress\/wp-content\/uploads\/2017\/05\/logolandshut.jpg\",\"datePublished\":\"2009-01-06T21:04:28+00:00\",\"dateModified\":\"2024-03-22T08:27:39+00:00\",\"breadcrumb\":{\"@id\":\"https:\/\/www.pfadilandshut.ch\/wordpress\/?page_id=10#breadcrumb\"},\"inLanguage\":\"de\",\"potentialAction\":[{\"@type\":\"ReadAction\",\"target\":[\"https:\/\/www.pfadilandshut.ch\/wordpress\/?page_id=10\"]}]},{\"@type\":\"ImageObject\",\"inLanguage\":\"de\",\"@id\":\"https:\/\/www.pfadilandshut.ch\/wordpress\/?page_id=10#primaryimage\",\"url\":\"http:\/\/www.pfadilandshut.ch\/wordpress\/wp-content\/uploads\/2017\/05\/logolandshut.jpg\",\"contentUrl\":\"http:\/\/www.pfadilandshut.ch\/wordpress\/wp-content\/uploads\/2017\/05\/logolandshut.jpg\"},{\"@type\":\"BreadcrumbList\",\"@id\":\"https:\/\/www.pfadilandshut.ch\/wordpress\/?page_id=10#breadcrumb\",\"itemListElement\":[{\"@type\":\"ListItem\",\"position\":1,\"name\":\"Startseite\",\"item\":\"https:\/\/www.pfadilandshut.ch\/wordpress\/\"},{\"@type\":\"ListItem\",\"position\":2,\"name\":\"\u00dcber uns\",\"item\":\"https:\/\/www.pfadilandshut.ch\/wordpress\/?page_id=2\"},{\"@type\":\"ListItem\",\"position\":3,\"name\":\"Unsere Pfadi-Abteilung\"}]},{\"@type\":\"WebSite\",\"@id\":\"https:\/\/www.pfadilandshut.ch\/wordpress\/#website\",\"url\":\"https:\/\/www.pfadilandshut.ch\/wordpress\/\",\"name\":\"Pfadilandshut.ch\",\"description\":\"Pfadi Abteilung aus B\u00e4tterkinden BE\",\"potentialAction\":[{\"@type\":\"SearchAction\",\"target\":{\"@type\":\"EntryPoint\",\"urlTemplate\":\"https:\/\/www.pfadilandshut.ch\/wordpress\/?s={search_term_string}\"},\"query-input\":\"required name=search_term_string\"}],\"inLanguage\":\"de\"}]}<\/script>\n<!-- \/ Yoast SEO plugin. -->","yoast_head_json":{"title":"Unsere Pfadi-Abteilung - Pfadilandshut.ch","robots":{"index":"index","follow":"follow","max-snippet":"max-snippet:-1","max-image-preview":"max-image-preview:large","max-video-preview":"max-video-preview:-1"},"canonical":"https:\/\/www.pfadilandshut.ch\/wordpress\/?page_id=10","og_locale":"de_DE","og_type":"article","og_title":"Unsere Pfadi-Abteilung - Pfadilandshut.ch","og_description":"Geschichte der Abteilung Die Pfadi Landshut wurde am 21.03.1967 gegr\u00fcndet. Die Abteilung war schon damals konfessionell neutral und ist es auch heute noch. 1968 wurde die Abteilung in die Pfadi Kanton Bern aufgenommen. Zur gleichen Zeit wurde mit dem Bau des alten Heimes (eines ehemaligen Armbrustsch\u00fctzenhauses) begonnen. In den folgenden 10 Jahren wuchs die Abteilung [&hellip;]","og_url":"https:\/\/www.pfadilandshut.ch\/wordpress\/?page_id=10","og_site_name":"Pfadilandshut.ch","article_modified_time":"2024-03-22T08:27:39+00:00","og_image":[{"url":"http:\/\/www.pfadilandshut.ch\/wordpress\/wp-content\/uploads\/2017\/05\/logolandshut.jpg"}],"twitter_card":"summary_large_image","twitter_misc":{"Gesch\u00e4tzte Lesezeit":"7\u00a0Minuten"},"schema":{"@context":"https:\/\/schema.org","@graph":[{"@type":"WebPage","@id":"https:\/\/www.pfadilandshut.ch\/wordpress\/?page_id=10","url":"https:\/\/www.pfadilandshut.ch\/wordpress\/?page_id=10","name":"Unsere Pfadi-Abteilung - Pfadilandshut.ch","isPartOf":{"@id":"https:\/\/www.pfadilandshut.ch\/wordpress\/#website"},"primaryImageOfPage":{"@id":"https:\/\/www.pfadilandshut.ch\/wordpress\/?page_id=10#primaryimage"},"image":{"@id":"https:\/\/www.pfadilandshut.ch\/wordpress\/?page_id=10#primaryimage"},"thumbnailUrl":"http:\/\/www.pfadilandshut.ch\/wordpress\/wp-content\/uploads\/2017\/05\/logolandshut.jpg","datePublished":"2009-01-06T21:04:28+00:00","dateModified":"2024-03-22T08:27:39+00:00","breadcrumb":{"@id":"https:\/\/www.pfadilandshut.ch\/wordpress\/?page_id=10#breadcrumb"},"inLanguage":"de","potentialAction":[{"@type":"ReadAction","target":["https:\/\/www.pfadilandshut.ch\/wordpress\/?page_id=10"]}]},{"@type":"ImageObject","inLanguage":"de","@id":"https:\/\/www.pfadilandshut.ch\/wordpress\/?page_id=10#primaryimage","url":"http:\/\/www.pfadilandshut.ch\/wordpress\/wp-content\/uploads\/2017\/05\/logolandshut.jpg","contentUrl":"http:\/\/www.pfadilandshut.ch\/wordpress\/wp-content\/uploads\/2017\/05\/logolandshut.jpg"},{"@type":"BreadcrumbList","@id":"https:\/\/www.pfadilandshut.ch\/wordpress\/?page_id=10#breadcrumb","itemListElement":[{"@type":"ListItem","position":1,"name":"Startseite","item":"https:\/\/www.pfadilandshut.ch\/wordpress\/"},{"@type":"ListItem","position":2,"name":"\u00dcber uns","item":"https:\/\/www.pfadilandshut.ch\/wordpress\/?page_id=2"},{"@type":"ListItem","position":3,"name":"Unsere Pfadi-Abteilung"}]},{"@type":"WebSite","@id":"https:\/\/www.pfadilandshut.ch\/wordpress\/#website","url":"https:\/\/www.pfadilandshut.ch\/wordpress\/","name":"Pfadilandshut.ch","description":"Pfadi Abteilung aus B\u00e4tterkinden BE","potentialAction":[{"@type":"SearchAction","target":{"@type":"EntryPoint","urlTemplate":"https:\/\/www.pfadilandshut.ch\/wordpress\/?s={search_term_string}"},"query-input":"required name=search_term_string"}],"inLanguage":"de"}]}},"_links":{"self":[{"href":"https:\/\/www.pfadilandshut.ch\/wordpress\/index.php?rest_route=\/wp\/v2\/pages\/10"}],"collection":[{"href":"https:\/\/www.pfadilandshut.ch\/wordpress\/index.php?rest_route=\/wp\/v2\/pages"}],"about":[{"href":"https:\/\/www.pfadilandshut.ch\/wordpress\/index.php?rest_route=\/wp\/v2\/types\/page"}],"author":[{"embeddable":true,"href":"https:\/\/www.pfadilandshut.ch\/wordpress\/index.php?rest_route=\/wp\/v2\/users\/1"}],"replies":[{"embeddable":true,"href":"https:\/\/www.pfadilandshut.ch\/wordpress\/index.php?rest_route=%2Fwp%2Fv2%2Fcomments&post=10"}],"version-history":[{"count":11,"href":"https:\/\/www.pfadilandshut.ch\/wordpress\/index.php?rest_route=\/wp\/v2\/pages\/10\/revisions"}],"predecessor-version":[{"id":1991,"href":"https:\/\/www.pfadilandshut.ch\/wordpress\/index.php?rest_route=\/wp\/v2\/pages\/10\/revisions\/1991"}],"up":[{"embeddable":true,"href":"https:\/\/www.pfadilandshut.ch\/wordpress\/index.php?rest_route=\/wp\/v2\/pages\/2"}],"wp:attachment":[{"href":"https:\/\/www.pfadilandshut.ch\/wordpress\/index.php?rest_route=%2Fwp%2Fv2%2Fmedia&parent=10"}],"curies":[{"name":"wp","href":"https:\/\/api.w.org\/{rel}","templated":true}]}}